 o(22) is divided by v.
3
Suppose 43*j = 35*j - 48. What is the remainder when (-87 + 0)*(-4)/6 is divided by 23 + (0 - j/2)/(-1)?
18
Let x(w) = -1 + 20*w + 28*w + 81*w**2 - 47*w. Suppose -10 = -m + 11. What is the remainder when x(1) is divided by m?
18
Suppose -4*c - 33 = -5*v + 1, 0 = 5*c - 20. Let m(d) = -d**2 + 4*d + 4. Calculate the remainder when v is divided by m(4).
2
Let g = -2231 + 2277. Calculate the remainder when 131 is divided by g.
39
Let p(a) = 2*a**2 - 5 + a + 2*a**2 - 5*a**2 + 10*a. What is the remainder when 0/3 - (-36 + -1) is divided by p(9)?
11
Let x = 17 + -14. Suppose 4*a - x*i - 43 = 0, 2*a - 5*i = -4 + 43. Calculate the remainder when 17 is divided by a.
3
Suppose -8*q + 80 = -4*q. Suppose 8 = w + 2*h + 3*h, 0 = 3*w + 5*h - 34. Calculate the remainder when (-6)/(-8) + 465/q is divided by w.
11
Let q = 111 + -77. What is the remainder when q is divided by 7?
6
Suppose -7*s + 32 = -45. What is the remainder when 26 is divided by s?
4
Suppose 28*b + 264 = 32*b. Calculate the remainder when b is divided by 17.
15
What is the remainder when 322 is divided by ((-5)/11)/(56/(-616))?
2
Let m(x) = -12*x + 10. Let v(w) = -w**2 + 15*w - 29. Let y be v(13). What is the remainder when m(y) is divided by 6?
4
Calculate the remainder when 187 + 10/60*42 is divided by 101.
93
Let k be (-1575)/(-11) + (-2)/11. Suppose 7*v - k = 18. Calculate the remainder when v is divided by 12.
11
Let a(n) = -n**2 + 4*n + 4. Let j(c) = 2*c + 2. Let u(b) = 3*a(b) - 5*j(b). Let q be u(-2). Let g = -2 - q. Calculate the remainder when g is divided by 7.
5
Let u = -1002 + 1027. Calculate the remainder when 243 is divided by u.
18
Suppose 0 = 4*t + 5*z - 188, 8*z = 12*z. Calculate the remainder when t is divided by 10.
7
Calculate the remainder when (-11065)/(-25) + -7 - (-8)/20 is divided by 30.
16
Suppose -5*v - 1 = -16. Suppose v*t + 15 = -0*t. What is the remainder when 23 is divided by (-63)/t - (-12)/30?
10
Let m(j) = -2*j. Let l(f) = f**2 - 11*f + 13. Let t be l(10). What is the remainder when m(-7) is divided by 432/(-24)*(-1)/t?
2
Let o(b) = -41*b + 1. Let z be o(-1). Suppose -44*y = -z*y - 28. Suppose 213 - 1 = 4*d. Calculate the remainder when d is divided by y.
11
Let t(r) = -r**3 + 10*r**2 - 8*r - 7. Let h be t(9). Suppose h*n = -2*n + 168. Suppose b = n + 100. What is the remainder when b is divided by 36?
34
Let o(u) = 3*u**2 - 19*u - 5. Let p be o(10). Let v = p + -56. Suppose 0 = 5*b - 25, -2*b + 0*b = -3*x + 32. Calculate the remainder when v is divided by x.
7
Let c = 37 + -27. Suppose c*f - 48 = -8. Calculate the remainder when 10 is divided by f.
2
Let m(h) = 12*h - 15*h + 2*h**2 + 0*h**2. Let o be m(2). Suppose 0 = o*d + 42 - 378. Calculate the remainder when d is divided by 34.
32
Suppose 117*z - 2454 = 111*z. Calculate the remainder when z is divided by 82.
81
Let h(t) = -t**2 + 19*t - 32. Let c be h(17). Suppose -g - 46 = -3*s, -c*s - 3*g + 2 = -s. Calculate the remainder when 25 is divided by s.
11
Suppose 1081 = -8*u + 1353. Calculate the remainder when u is divided by 16.
2
What is the remainder when (9/18)/(9/7722) is divided by 29?
23
Let z(p) be the second derivative of p**4/6 - 2*p**3/3 + 3*p**2/2 - p. Let h(s) = -s**2 - 6*s + 7. Calculate the remainder when h(-6) is divided by z(2).
1
Let n(p) = -76*p. Let d be n(-5). Suppose -d = 5*f - 85. Let m = 105 + f. What is the remainder when m is divided by 12?
10
Suppose -3 - 1 = 2*k. Let r = 30 - 13. Calculate the remainder when 134/(k/(-2 + 1)) is divided by r.
16
Let a be -6*((-135)/(-6))/5. Calculate the remainder when -4 + ((-18)/8)/((-138)/6256) is divided by 227/9 - (-6)/a.
23
Let q = 1081 + -1065. What is the remainder when 86 is divided by q?
6
Let x(l) = 32*l - 329. What is the remainder when x(26) is divided by 22?
19
Calculate the remainder when 2048 is divided by ((-40)/60*25)/(4/(-6)).
23
Let b = 191 - 130. Let n = 14 + -7. Let l(q) = -q**2 + 9*q + 7. Calculate the remainder when b is divided by l(n).
19
Let z(i) = -i + 11. Let o be z(17). Suppose -2*s = -4*s + 52. Calculate the remainder when s is divided by 9 - (6/39 - o/(-39)).
8
Let z = -291 - -373. Calculate the remainder when z is divided by 7.
5
Let i = -28 - -55. Let p(l) be the second derivative of -9*l**5/20 + l**2/2 + 2*l. What is the remainder when i is divided by p(-1)?
7
Suppose 0*f + 2*f + 3*p - 2 = 0, 3*f = 5*p - 16. Suppose -4*g = -8 + 128. What is the remainder when (2 - g)*(-1)/f is divided by 9?
7
Let q(w) = -w**3 - 11*w**2 - 12*w - 14. Let j = -23 - -13. Let k be q(j). Suppose u - 4 = k. Calculate the remainder when 17 is divided by u.
7
Suppose 0 = -4*t + 16 + 12. Let a be (1 + 5)*t/14. Suppose y + 128 = a*y. Calculate the remainder when y is divided by 22.
20
Let b(p) = 0*p**2 - p**3 - 4 - 6*p**2 + 10. Let f(j) = j**2 + 37*j - 148. What is the remainder when f(4) is divided by b(-6)?
4
Suppose -2*v - 2*v = -140. What is the remainder when v is divided by 6/((-36)/(-105))*(-6 - 322/(-49))?
5
Let s = -352 - -385. Calculate the remainder when 45 is divided by s.
12
Let j be 3*(36/(-4))/(-9). Let a(c) = 5*c**2 - c. Let x be a(-2). Suppose -j*l = -64 + x. What is the remainder when 27 is divided by l?
13
Let c = -21 + 40. Suppose -a = -2*a + c. What is the remainder when a is divided by 11?
8
Let l(p) = -401*p - 48. Calculate the remainder when l(-2) is divided by 95.
89
Let z(p) = -5*p - 22. Calculate the remainder when 78 is divided by z(-9).
9
Suppose 2*d - 5*n - 1338 = 0, 4*d + 3*n = -2*n + 2616. Calculate the remainder when d is divided by 60.
59
Suppose 676 = 32*j + 20*j. Suppose -3*h = 1 - 16. What is the remainder when j is divided by h?
3
What is the remainder when 1304/(-12)*13/((-91)/21) is divided by 60?
26
Let w be (-115)/(-25) - 2/(-5). Suppose w = z, 3*y + 2*z = -17 + 102. What is the remainder when 148 is divided by y?
23
Suppose 0 = -56*p + 59*p + 15. What is the remainder when 53 is divided by (-43)/p + (-2)/(-5)?
8
Suppose -22 = 2*f - 2*r, 6*f - 9 = 5*f - 3*r. Suppose 0*s + 2*s - 36 = 0. Calculate the remainder when s is divided by ((-12)/8)/3 - 63/f.
8
Suppose -4*x - z = -39, -2*z + 7*z = -25. What is the remainder when 614 is divided by x?
9
Suppose -4*r + 6*m + 96 = 4*m, -4*r + 98 = -m. Let d = r - -23. Calculate the remainder when d is divided by 17.
14
Suppose -4*n + 4*x = -40, 26 = 3*n + x - 24. What is the remainder when 91 is divided by n/10 - 118/(-4)?
29
Let z = -73 - -78. Suppose z*f = -d + 79, 4*f - 76 = d - 20. Suppose 3*o = 5*q - q + 152, -245 = -5*o + 5*q. Calculate the remainder when o is divided by f.
14
Suppose 20*y - 377 = 7*y. What is the remainder when y is divided by (-1)/(32/11 - 3)?
7
Suppose 4*v - 16 = -4. Suppose 3*a = t - 78, 0*t = 4*t + v*a - 237. Suppose 5*m - 76 = d, 3*d - 9 - t = -5*m. What is the remainder when m is divided by 4?
3
Let q(a) = 65*a**3 - a**2. Suppose -y = 2*y - 3. What is the remainder when q(y) is divided by 22?
20
Suppose 0 = w - 19 - 1. Calculate the remainder when 34 is divided by w.
14
Let y = -20 - -24. Let x(d) = -d**3 + 19*d**2 - 19*d + 21. Calculate the remainder when y is divided by x(18).
1
Suppose 4*u = -5*r + 52, -2*u - 5*r + 0*r + 26 = 0. Suppose 4*p - 24 = p. What is the remainder when u is divided by p?
5
Let j = -11 + 27. Suppose 17*t = j*t + 15. What is the remainder when 29 is divided by t?
14
Suppose 0 = l + 3*l - 3*i - 11, 3*i - 34 = -5*l. Let f(j) = -4*j**2 + 6*j - 2*j**3 - 6 + j**2 + j**3. Calculate the remainder when f(-5) is divided by l.
4
Suppose 6*x - x = 5*r + 320, 0 = 3*r - 3. Calculate the remainder when x is divided by 22.
21
Let i(u) = -146*u + 19. What is the remainder when i(-8) is divided by 119?
116
Let s = -39 - -122. Suppose 15*l - 253 - 167 = 0. Calculate the remainder when s is divided by l.
27
Suppose 3*l - 489 = -4*q, 9*q - 7*q + l - 247 = 0. What is the remainder when q is divided by 10?
6
Suppose -3*s + 7*s = -48. Let w(d) = 7*d + 3*d - 2 + d**2 - 2 + d. What is the remainder when 13 is divided by w(s)?
5
Let n = -49 + 53. Suppose n*o - 2*k - 7 - 17 = 0, 0 = -4*k. What is the remainder when o is divided by 3?
0
Let w be (-7)/(35/(-20)) + 60. Suppose -4*i + w = -0. What is the remainder when 79 is divided by i?
15
Let n(b) = 2*b**2 - b - 5. Let c be n(-3). What is the remainder when